7
Evaluate -3 - ((32 - 40) + (-11 - -16)).
0
What is the value of -10 - 4 - -76 - ((-8 - (1 + -2)) + 4)?
65
3 - -18 - (-3 + -8 + -19 + 90)
-39
Evaluate 9 + (2 - 2) - (-1780 + 1811 + (-93 - 1)).
72
Calculate 0 + 1 + 6 + -6 - (-35 + -36 - -70).
2
What is the value of -2576 + 2550 + (0 - 5) + 121?
90
What is 19 + -44 + 74 - 117?
-68
Calculate -6 + 72 - (-807 - -823).
50
Evaluate -15 - -62 - 84 - (0 - 17).
-20
-4 + 7 - (-6 + 61) - (4 + 19 + -24)
-51
Evaluate (-7 - -61) + -17 - (-2 - (-7 - 2)).
30
Calculate (5 - (-6 + -14 + (15 - 9))) + 9.
28
-49 + 24 - (-3 + (-4 - -6))
-24
Calculate 42 - (7 + (-53 - -53)).
35
-15 + 22 - 33 - 49
-75
What is the value of -9 + (-2 - -10 - 10) - -26 - 16?
-1
Calculate 7 + (49 + 9 - 92).
-27
-1 + 119 - ((-417 - -144) + 256)
135
What is -36 - (2 + (20 - 14 - -45))?
-89
(4 - 0 - 43) + 9 + -11
-41
Calculate -3 + 37 - (-182 + 263).
-47
6 + (19 - -23) + (-16 - 0) + 20
52
-71 + 117 + -16 + 11 + 1 + -1 + -1
40
What is the value of -1 - (8 - 0) - (-16 - (-10 - 15 - -22))?
4
What is 86 - (3 + -1 + (300 - 327))?
111
Calculate (37 - (-34 + 107)) + 8.
-28
What is the value of 125 - (71 + 9 - -87)?
-42
Calculate 2 + 4 + 3132 + -3118 + -7 + -1 + -1.
11
What is -38 + (-43 - -34) + 48?
1
-35 + (-12 - -52) + -25 + 118
98
-64 + (38 - 11 - 22) + 38
-21
Calculate 106 + -65 - (-21 + 75).
-13
-153 - (-76 + -175 + 96)
2
What is 7 - (10 + -2 + -2 + -1 + 29)?
-27
What is 1 + -12 + 72 + -33 - (-49 - -41)?
36
Evaluate (0 + 9 - 2) + (68 - (165 + -46)).
-44
What is the value of (4 - -27) + -11 - 21 - (-102 + 0 + -1)?
102
What is the value of -56 + 63 + (-4 - (-2 + -11)) + -4?
12
What is the value of (-24 - 34) + 35 - (8 + -149)?
118
31 - (-8 - (-44 + -1))
-6
Calculate -51 + (22 + -9 - -9) - -89.
60
(2 - -9) + 0 + 0 + (33 - (-25 - -3))
66
Calculate -51 - (2 - (6 - ((-11 - -10) + 11))).
-57
What is the value of (65 - -13) + -40 + -30?
8
What is the value of 8 + (10 - (-1 - (-6 + 0 - -3))) - -10?
26
Calculate (-3 + (1 - (1 + 0)) - (-48 - -75)) + -10.
-40
What is 1 + 20 + (81 - 139 - -92) - (-1 - -6)?
50
What is the value of 3630 + -3554 - (94 + 3)?
-21
Calculate (30 - (6 - -6)) + -36.
-18
What is (30 - 38) + 0 + -9 + 59?
42
Calculate (152 - 207) + 1 + 7 + -8.
-55
6 + (-14 - (1 - 10)) + (0 - -42)
43
Evaluate 96 - 10 - 6 - (16 - (-11 + 7)).
60
What is -22 - (13 + -25) - (-1 - (3 - (-4 + 7)))?
-9
Evaluate (17 - 29) + (10 - (5 + -58)).
51
Calculate 4 - (12 + -14 + -12 + -15 + 8).
25
What is 2 - -42 - (-690 - -708)?
26
Evaluate -27 + 2 + -1 + -1 - (55 + (3 - 54)).
-31
What is the value of (-31 - -72 - 92) + 91?
40
12 + 2 - (52 - -28) - (-2 - (9 - 2))
-57
11 - (-8 + -9 + 2 - (-15 + 17))
28
-116 + 130 + (5 + 6 - -6)
31
Calculate -168 + 163 - (-1 + (0 - -3) + 12 + -15).
-4
3 + (17 - (-5 + -11 + 20))
16
What is -104 - (78 - (13 + 103))?
-66
What is 11 - (33 + (-9 + (35 - 19) - (-1 + 7)))?
-23
What is 27 + (-20 + -46 - -51) - (25 + 1 + 0)?
-14
What is the value of -1 + 7 + ((-96 - -39) + 13 - (-1 + 13))?
-50
What is the value of -6 + 27 + 14 + -50?
-15
-10 - (-5 - (-3 - -23)) - (82 + -23)
-44
Evaluate (209 - 88) + -14 + -35.
72
What is the value of (-3 - (1 + -2)) + (5 - (22 - 32)) + -106?
-93
1 + 2 + 0 - (24 + (-31 - (62 + -47)))
25
Calculate (-2 + -2 + 21 - (1536 - 1525)) + 0 + -10.
-4
Evaluate -11 - (-353 + 359 - (67 - (3 - 5))).
52
Evaluate 31 - ((23 - 30) + 23 + 31).
-16
What is the value of 169 - ((53 - -17) + -45)?
144
What is (-28 - (5 - (-13 + 10))) + -18?
-54
What is the value of 36 + (-9 - (23 - (2 + 15)))?
21
Evaluate 7 - 58 - -23 - (-46 + 27).
-9
What is -17 + -78 - (-31 + 4 + 28)?
-96
What is 2 + -11 + 0 + (-19 - (30 - 22) - -63)?
27
What is the value of (2 + 0 - 15 - (98 - 143)) + -2?
30
What is the value of -39 + (-2 - (-41 + -2))?
2
Calculate 1149 + -1171 - (1 - 28).
5
What is the value of -1 + -1 + 6 + (10 + 9 - 29) - -52?
46
What is the value of (-82 - (23 - 123)) + (-15 - 0)?
3
What is the value of 17 - 1 - ((-3 - 12) + 10) - -1?
22
Evaluate 25 + (-3 - (-4 + -1 + (1 - 0) + 7)).
19
Evaluate -232 + 96 + -81 - -102.
-115
Evaluate (-1 + 38 + -7 - 64) + -8.
-42
Calculate (12 - (1 + 6)) + (17 - 28) - (-26 - -1).
19
Calculate 11 - (-3 + -20 + (17 - 1) + 1).
17
(1 - 2 - (6 + 0) - (1316 - 1320)) + 4
1
What is 8 + (-5 - -12) + (7 - 4) + 0?
18
What is the value of (18 - (3 - -10) - 3) + -10 + 4 + -2?
-6
Calculate -8 - (-164 - -158) - (-38 - (2 - 1)).
37
What is the value of (4671 - 4670) + (-1 - 35)?
-35
What is (-43 - 0) + 3170 + -3180 + -10?
-63
What is the value of (12 - 0) + (25 - 31) + (11 - 20) - 22?
-25
What is 100 - (18 + 11 + 42)?
29
2 - ((-24 - (-18 + 13)) + 24)
-3
(-115 - (40 + -182)) + (-1 - 66)
-40
Evaluate 63 + (149 - 22) + -187.
3
Calculate 125 + 5 + -4 + 12 + (-2 - (-2 + 10)).
128
Calculate 6 - ((19 - 14) + 6 - -2).
-7
What is the value of (29 - 18 - -132) + -21 + -32?
90
Evaluate (-5 - 1) + 67 + -76 + -11.
-26
Evaluate (-15 - (-11 - 7) - 14) + (-6 - -93).
76
Evaluate -742 + 728 - (-45 - -1) - -8.
38
What is -48 + -13 - (11 + -45)?
-27
Calculate -137 - (-31 + -72) - (-1 + 2 - -4).
-39
What is the value of (55 - 72) + -53 + 22?
-48
Calculate 6 + (8 - 34) - (-20 + 4).
-4
Calculate (-62 - -38) + (-2 - -8).
-18
Calculate 65 - (17 + -7 + (3 - 11) + 6 + 6).
51
57 - ((11 - (-5 + 20)) + 2 + 2)
57
Evaluate 33 + -25 + 10 + -48.
-30
What is -323 + 268 - (-60 + -18)?
23
Calculate -17 - ((231 - 255) + -1 + -35).
43
Calculate (-558 - -599) + -106 + 3.
-62
Calculate (-12 - (-125 - (-11 - 28))) + 9.
83
What is the value of -274 - -215 - (-31 - -21)?
-49
Calculate -46 + 107 - 104 - -164.
121
-46 + 21 + 28 - (-9 + 0)
12
Calculate (371 - 363) + 1 + -14 - (1 + 59).
-65
What is 34 - (-1 + 9 + (-7 - 7 - -1))?
39
-427 - -402 - (-27 + 15 + 22)
-35
What is 88 - ((37 + -2 - 0) + -9 + -5)?
67
-61 + (-61 + 87 - 22)
-57
17 + -14 + 42 + 0 - (37 - 21)
29
-48 + (8 - (-41 - -22 - -21))
-42
What is the value of 2 + -15 + (-2 - (-28 - 2)) - (1 - 9)?
23
Evaluate 1 + 2 + -42 - (15 + -18 - 2).
-34
What is the value of 0 - -4 - (93 - (221 - 139))?
-7
Calculate 9 - (5 + -10 + 28) - (47 - 3).
-58
Evaluate 4042 + -4086 + (0 - -82).
38
What is 14 + 2 - -1 - (18458 - 18471)?
30
What is 0 + -7 + (7 + 14 - -28)?
42
Evaluate -56 - (3 + -6 + (-18 - -17) + 7).
-59
-2 + 53 - (-485 + 557)
-21
What is the value of (5 - 3) + -62 - (-406 - -409)?
-63
Calculate (22 - 15) + (13 - 35) - (0 - 0 - -12).
-27
-46 + 51 + (-48 - -28)
-15
Calculate 13 + 7 + (40 + -114 - (11 - 4)).
-61
(-2 - 75) + -4 + (14 - (16 + 7 + -8))
-82
What is 3433 + -3424 + 3 + -1 + -7 + -48?
-44
72 - (2 + -13 + (21 - 14) + 2 + -4)
78
Evaluate 52 + (-14 + 60 - 85).
13
What is 3 + -25 + -1 + 21 - (-95 + 1)?
92
Evaluate (-18 - 3 - (129 - 12)) + 26 - (0 + -7).
-105
Evaluate 14 + (-37 + -11 - -31) - -5.
2
Calculate (5 - (-3 + -94)) + 61 + -34 + -19.
110
33 + -27 + -46 + 28 + 9
-3
Calculate 21 + -26 + (-10 - 43 - 18) + -12.
-88
What is the value of 485 + -464 - (9 - 20)?
32
Evaluate -9 + 4 + -4 + (-31 - -29) + (-4 - -47).
32
What is -18 - (-78 - -21 - -56)?
-17
What is the value of (11 - (10 - 37)) + -12 + -15 - -27?
38
129 + -72 - 56 - (-2 + 48)
-45
Evaluate -5 + (5 - 8) + 4 + (126 - 208).
-86
-7 + (29 - (10 - -1)) + (5 - -12)
28
What is 0 + (-1 - -119) - (37 - (57 + 11) - -27)?
122
Evaluate 34 + -52 + 14 + -1 - (18 + -5).
-18
Calculate -19 - (63 + -94 - (-18 - -23)).
17
What is the value of (140 - 178) + 21 + 3 + -25?
-39
What is -11 - ((-10 - -1) + (47 - (5 - -81)))?
37
What is -54 - 45 - -195 - 9?
87
Evaluate -16 - -12 - -17 - 43.
-30
What is (25 - -6) + (-380 - -316)?
-33
(61 - (32 + -2)) + 7
38
-49 + (87 - (-105 - -76))
67
Calculate (7 - (-1 - -1) - (2 + 8 + -12)) + -29.
-20
Calculate -2 + -1 + (6 - 8) + -13 + -19 + 1.
-36
Calculate 24 + (-65 - -63) + -3.
19
Calculate (-1 - (-71 - (5 + -2))) + (-256 - (146 + -389)).
60
24 - 35 - (-33 + 44 + -7)
-15
Evaluate -12 - (40 + -93) - 78.
-37
Calculate -57 - (-85 + -30 + 47).
11
What is the value of -20 + (49 - 40 - 15 - 25)?
-51
Calculate (125 - (72 - -42)) + (1 - -72).
84
What is 2 - -9 - 39 - (-79 - -83)?
-32
What is 226 - 213 - (-4 - (-4 + 6 + -67) - 5)?
-43
1 + -3 + (46 - (4 - 0)) - 12
28
Calculate (32 + -52 - 17) + (-3 - -21).
-19
What is the value of -60 - (95 - 45 - 26)?
-84
Calculate 12751 + -12779 - (-1 + 2 + 36).
-65
Calculate (5 - (-2 + 5) - 11) + (77 + -43 - 58).
